
Let n(q) = q**3 - 29*q**2 + 54*q + 8. Determine n(27).
8
Let r(a) = -1060*a**2 - 1084*a - 1. Determine r(-1).
23
Let f(z) = 5*z**3 + 4*z**2 - 15*z + 12. Give f(1).
6
Let y(p) = -p**2 - 74*p + 2729. Calculate y(27).
2
Let w(m) = -5*m**2 + 4*m - 400. Determine w(0).
-400
Let w(d) = -57*d - 14. Calculate w(-1).
43
Let m(j) = -j**2 - 6420*j - 25663. Give m(-4).
1
Let b(q) = 206*q**3 - 7*q**2 - 15*q - 7. Give b(-1).
-205
Let v(s) = -3*s**2 + 148*s - 15. Determine v(49).
34
Let i(x) = 10*x**2 + x + 13. What is i(6)?
379
Let f(k) = 2*k**3 + 4*k**2 - 12*k - 28. What is f(-3)?
-10
Let v(n) = 185*n + 3300. Calculate v(-15).
525
Let r(h) = h**2 + 84*h + 1660. Give r(-52).
-4
Let b(m) = 23*m**2 - 180*m - 15. Give b(8).
17
Let v(j) = -2*j**3 + 55*j**2 + 63*j - 879. What is v(28)?
101
Let n(g) = 31*g + 764. What is n(-26)?
-42
Let h(g) = 120*g**2 + 1079*g + 13. What is h(-9)?
22
Let a(c) = -2*c**2 - 118*c + 278. Determine a(-61).
34
Let t(h) = h**3 + 21*h**2 + 86*h + 9. Give t(-16).
-87
Let r(m) = 2*m**3 + 33*m**2 + 84*m + 185. What is r(-14)?
-11
Let u(n) = -n**2 - 65*n + 663. Determine u(9).
-3
Let y(o) = -2*o**2 + 148*o - 2027. Determine y(56).
-11
Let n(b) = b**3 + 4*b**2 + 246. Give n(0).
246
Let r(t) = -t**2 - 28*t + 77. Give r(-27).
104
Let z(a) = 628*a + 3188. Determine z(-5).
48
Let a(o) = 3*o**2 - 65*o - 129. What is a(23)?
-37
Let w(y) = 39*y - 1196. Calculate w(30).
-26
Let y(u) = -9*u**3 + 114*u**2 + 33*u + 58. Determine y(13).
-20
Let l(r) = r**3 + 4*r**2 - 89*r + 329. What is l(-13)?
-35
Let r(z) = -569*z - 1131. Determine r(-2).
7
Let y(d) = 2*d**2 - 593*d - 1798. Calculate y(-3).
-1
Let l(u) = -739*u - 5960. Calculate l(-8).
-48
Let q(m) = 2*m**2 - 1393*m - 2785. Calculate q(-2).
9
Let r(p) = -p**3 + 38*p**2 + 82*p - 81. Give r(39).
1596
Let m(x) = x**3 + 6*x**2 - 102*x - 646. What is m(-6)?
-34
Let v(i) = -i**3 - 31*i**2 + 199*i + 7931. Give v(-28).
7
Let p(x) = -2*x**3 + 26*x**2 + 3*x - 43. Determine p(13).
-4
Let a(b) = -38*b - 209. Determine a(-7).
57
Let s(q) = -91*q - 723. What is s(-8)?
5
Let c(f) = -f**3 - 25*f**2 - 16*f + 8. What is c(-24)?
-184
Let o(g) = g**2 - 48*g + 257. Give o(40).
-63
Let v(a) = a**3 - 28*a**2 + a + 12. Give v(28).
40
Let f(n) = -7*n - 118. Calculate f(-7).
-69
Let p(m) = -6*m**2 - 2*m + 15. Calculate p(7).
-293
Let i(d) = -11*d + 61. Calculate i(5).
6
Let p(w) = -w**2 + 22*w - 48. Determine p(14).
64
Let w(m) = m**3 + 23*m**2 + 115*m - 52. Give w(-15).
23
Let i(s) = -4*s**3 + 13*s**2 + 16*s - 83. Determine i(4).
-67
Let j(i) = 2*i**3 - 76*i**2 + 69*i + 314. Calculate j(37).
129
Let y(h) = 8*h**2 - 64*h + 100. Determine y(6).
4
Let j(k) = 70*k + 47. What is j(-1)?
-23
Let s(f) = -81*f - 1382. What is s(-17)?
-5
Let w(z) = -z**2 + 807*z + 8169. Determine w(-10).
-1
Let c(m) = 23*m + 1008. Calculate c(-42).
42
Let q(g) = 6*g**3 - 14*g**2 + 13*g - 20. Give q(2).
-2
Let p(b) = 75*b - 2097. Calculate p(28).
3
Let t(x) = x**3 - 12*x**2 + 8*x - 93. Give t(12).
3
Let k(w) = -w**3 - w**2 - 2*w - 126. Determine k(0).
-126
Let q(p) = -75*p - 448. Calculate q(-6).
2
Let t(b) = b**3 - 100*b**2 + 202*b - 592. Give t(98).
-4
Let b(g) = g**2 + g - 78. Give b(-9).
-6
Let z(f) = -3557*f - 10679. What is z(-3)?
-8
Let d(a) = 2*a**2 + 49*a - 278. Give d(-30).
52
Let y(z) = 150*z + 613. What is y(-4)?
13
Let d(k) = -245*k + 727. Calculate d(3).
-8
Let z(r) = -3*r**3 - 122*r**2 + 40*r - 42. Give z(-41).
-1
Let f(n) = -2*n**3 + n**2 + n - 362. What is f(0)?
-362
Let k(j) = -860*j + 2438. Give k(3).
-142
Let b(c) = 703*c + 4949. Give b(-7).
28
Let b(c) = -139*c + 16605. What is b(120)?
-75
Let a(d) = 53*d**3 - 7*d**2 - 5*d - 4. Determine a(-2).
-446
Let y(q) = 2*q**3 - 10*q**2 - 130*q - 3. Give y(-7).
-269
Let f(y) = 421*y - 2533. Give f(6).
-7
Let r(m) = 2*m**3 - 67*m**2 - 39*m + 74. Give r(34).
-96
Let u(h) = -h**2 + 676. Calculate u(-26).
0
Let l(w) = w**3 + 36*w**2 + 140*w + 361. Determine l(-32).
-23
Let y(o) = -o**3 - 147*o**2 + 183*o + 5170. Determine y(-148).
-10
Let c(f) = f**3 + 72*f**2 + 138*f - 390. Give c(-70).
-250
Let v(k) = 26*k**2 - 82*k - 95. What is v(4)?
-7
Let s(h) = 327*h - 1692. Determine s(5).
-57
Let g(k) = k**3 + 5*k**2 + 95. Calculate g(0).
95
Let t(v) = v**2 + 78*v - 330. Give t(4).
-2
Let z(u) = 28*u - 25. Determine z(6).
143
Let p(w) = 5840*w + 23330. Calculate p(-4).
-30
Let n(a) = -73*a**2 - 6*a - 33. What is n(0)?
-33
Let s(v) = 4*v**3 + v**2 + 8*v - 29. Determine s(3).
112
Let m(b) = -b**3 + b**2 + 16*b - 29. Calculate m(2).
-1
Let u(f) = 2*f**2 + f - 51. Calculate u(0).
-51
Let y(f) = -3*f**2 - 161*f - 1591. Give y(-10).
-281
Let m(f) = 14*f**2 - 173*f - 122. Determine m(13).
-5
Let l(g) = g**3 + 13*g**2 - 14*g - 18. Calculate l(-14).
-18
Let u(n) = -n**3 - 4*n**2 + 133*n + 723. What is u(-6)?
-3
Let f(d) = -4*d**3 + 99*d**2 + 54*d - 711. Determine f(25).
14
Let x(m) = 5*m**2 + 42*m + 136. What is x(-7)?
87
Let b(x) = -57475*x + 172421. Give b(3).
-4
Let h(z) = 6*z**2 - 2. Give h(2).
22
Let o(f) = -249*f**3 - 4*f**2 + 2*f. What is o(1)?
-251
Let s(k) = -20*k + 416. What is s(8)?
256
Let f(g) = -1036*g - 6226. Give f(-6).
-10
Let o(z) = z**3 - 11*z**2 - 3*z + 19. Calculate o(6).
-179
Let v(g) = -g**3 + 16*g**2 - 46*g - 54. What is v(7)?
65
Let s(u) = -u**3 - 174*u**2 - 2812*u - 625. Calculate s(-156).
-1
Let a(g) = -25*g - 169. Give a(-5).
-44
Let l(h) = h**2 + 181*h - 44939. Determine l(-321).
1
Let a(z) = -7*z**2 + 2013*z + 890. Calculate a(288).
26
Let w(r) = 3*r**2 + 81*r - 447. Give w(-32).
33
Let h(y) = 421*y - 37882. Give h(90).
8
Let r(o) = -330*o - 6272. Give r(-19).
-2
Let f(u) = -95*u + 16917. Give f(178).
7
Let d(x) = -x**3 - 4*x**2 - 3*x - 6. Determine d(-2).
-8
Let j(l) = 54556*l - 54559. Calculate j(1).
-3
Let s(x) = -4*x**3 + 108*x**2 + 111*x - 2987. Calculate s(27).
10
Let d(l) = -l**3 - 15*l**2 + 257*l + 179. Determine d(-25).
4
Let k(h) = -3*h**3 - 143*h**2 - 97*h - 142. Calculate k(-47).
-1
Let o(d) = 2*d**2 + 74*d - 2057. Calculate o(-55).
-77
Let b(f) = 16*f**2 + 73*f + 61. What is b(-4)?
25
Let y(n) = -n + 65. Calculate y(20).
45
Let i(x) = -5*x**2 - 95*x - 300. Determine i(-4).
0
Let l(v) = 2*v**2 - 46*v + 190. What is l(13)?
-70
Let r(m) = -m**3 - 18*m**2 - 254*m - 1740. Calculate r(-10).
0
Let p(k) = 41*k + 322. Calculate p(-39).
-1277
Let l(k) = -12*k**2 + 141*k + 31. What is l(13)?
-164
Let u(d) = -d**3 - 10*d**2 + 23*d - 7. Determine u(-12).
5
Let h(t) = 4*t**2 - 701*t + 3506. Calculate h(5).
101
Let q(s) = 128*s - 310. Give q(3).
74
Let z(c) = 54*c - 255. Give z(3).
-93
Let n(k) = -11*k - 517. Calculate n(-50).
33
Let r(d) = 3*d**3 - 13*d**2 + 2*d - 4. Determine r(4).
-12
Let c(d) = -18*d + 696. Determine c(38).
12
Let r(x) = -36*x + 256. Determine r(6).
40
Let b(u) = 1069*u - 9621. What is b(9)?
0
Let d(b) = b**3 + 38*b**2 + 77*b - 16. What is d(-36)?
-196
Let i(f) = 6*f + 112. Give i(-18).
4
Let v(m) = -21*m**2 - 1891*m - 3. Give v(-90).
87
Let a(k) = -7*k + 145. What is a(26)?
-37
Let a(p) = -2*p**3 - 22*p**2 + 124*p - 16. Calculate a(4).
0
Let h(g) = -2*g**3 + 97*g**2 + 49*g + 314. Determine h(49).
314
Let j(n) = -323*n - 427. Determine j(-1).
-104
Let i(u) = -2*u**2 - 142*u - 1566. Calculate i(-58).
-58
Let r(k) = -3*k**2 + 114*k + 238. Determine r(40).
-2
Let r(q) = q**3 + 41*q**2 + 269*q + 169. Give r(-33).
4
Let z(x) = 7*x**3 - 215*x**2 - 64*x + 67. What is z(31)?
5
Let o(l) = -4*l**3 + 35*l**2 + 2*l + 69. Determine o(9).
6
Let i(m) = 2*m**3 - 22*m**2 + 10*m + 2. What is i(10)?
-98
Let y(t) = 17*t**2 - 164*t - 10. Determine y(10).
50
Let q(i) = -42*i + 293. What is q(17)?
-421
Let o(h) = -h**3 - 30*h**2 - 150*h + 264. Calculate o(-23).
11
Let h(g) = 6*g**3 + 61*g**2 + 17*g + 50. What is h(-10)?
-20
Let b(j) = j**3 - 9*j**2 - 27*j + 58. What is b(10)?
-112
Let d(g) = 27*g**2 + 2024*g - 68. Determine d(-75).
7
Let t(a) = -65*a**2 - 559*a. Calculate t(-9).
-234
Let n(o) = -o**3 - 79*o**2 - 150*o + 313. What is n(-77)?
5
Let o(z) = 6*z**3 - z**2 - 4*z + 5. What is o(4)?
357
Let f(h) = 215*h**2 - 857*h - 8. Give f(4).
4
Let c(o) = 25*o + 9. What is c(-1)?
-16
Let w(z) = -z + 88. Give w(42).
46
Let o(c) = 2*c**3 + 8*c**2 - 14*c + 1. Give o(-6).
-59
Let s(z) = 4*z**3 - 90*z**2 + 39*z + 16. Give s(22).
-94
Let q(i) = 9*i + 151. Determine q(-2).
133
Let d(m) = -7*m